(m). Let u(k) = -9*k - 1. Let c(j) = 3*h(j) - 5*u(j). Is c(-2) a composite number?
True
Let s = 21 - 19. Suppose -l + g + s = 0, 0 = 4*l - 3*g - 0*g - 12. Let d = 197 + l. Is d a prime number?
False
Suppose -9906 = -15*l + 173049. Is l composite?
False
Suppose 0*f - 12 = -4*f + 5*i, -5*f - i + 15 = 0. Let w be 8/(-12) - 251/(-3). Is 3*2/f*w a composite number?
True
Let a be 112/35 - 1/5. Let b be (a/6)/(2/(-360)). Let v = 28 - b. Is v prime?
False
Suppose p + 112 = -3*t - 64, 4*p = -5*t - 732. Let m = -8 - -12. Is 3 - p/m - -1 a composite number?
True
Suppose -54*h + 50*h - 13144 = 0. Let a be 35/10*h + -4. Is a/(-225) + (-2)/15 a composite number?
True
Let o(a) be the first derivative of a**4/4 - 7*a**3/3 - a**2/2 + 5*a - 8. Let n be o(7). Is (2435/10)/(n/(-4)) prime?
True
Let b(y) = -312*y**3 - 5*y**2 - 4*y + 8. Is b(-5) a composite number?
False
Suppose -40*b - 18317 = -53*b. Is b a prime number?
True
Let f = 14032 + 19607. Is f a prime number?
False
Suppose -3*f + 0*f = 2*n - 1, 10 = 2*f - n. Suppose -3*u = f*i - 2079, 0 = -0*i + i + 2*u - 697. Is i a prime number?
False
Let i(q) be the second derivative of q**5/10 + 3*q**4/4 + 2*q**2 + 2*q. Let m be i(-5). Let y = -11 - m. Is y composite?
True
Let i = -45 - -60. Suppose 2*j = i*j - 4823. Is j a prime number?
False
Suppose y = -3 + 3. Suppose 0 = 3*b + 5*r - 3202, b - 2*r + 4*r - 1067 = y. Is b a prime number?
True
Let q(z) = -2*z - 16. Let y be q(-9). Suppose -4*k + 2*k + 884 = 3*i, -y*i = 4. Is k a composite number?
True
Suppose c - 3*r = 557, 7*c = 3*c + 5*r + 2228. Is c a composite number?
False
Suppose -16853 - 26538 = -q - 3*s, -4*q = -s - 173564. Is q composite?
False
Let c(d) = 347*d**2 + 7*d + 13. Is c(-2) a prime number?
False
Let q(w) = 3*w**2. Let c be (-4)/(-6)*144/(-32). Let g be q(c). Is (-1382)/(-18) - (-6)/g a prime number?
False
Let t(r) = -6*r**2 - 8*r + 10. Let n be t(7). Let l = n - -483. Is l a prime number?
False
Suppose 5*f = 2*w - 3488, -309 + 8994 = 5*w + 5*f. Is w a prime number?
False
Suppose -p - 8 = -2*h, 3*p - 3*h + 29 = -2*h. Let s(i) = -94*i + 27. Is s(p) a composite number?
False
Suppose 48*h - 533652 = 6*h. Is h prime?
False
Let w be 3/3*(72 - 1). Let t = w - 32. Is t prime?
False
Suppose -4*x = -x - g - 5, 5 = -3*x - g. Let s = x + 3. Suppose h - 5*j - 664 = -2*h, 5*j = -s*h + 674. Is h a composite number?
False
Let p = 126 - -37. Suppose 7*z + 2 = p. Is z a prime number?
True
Suppose -16232 = 11*j - 78591. Is j composite?
False
Is 34*(-30)/12*201/(-15) prime?
False
Let u(t) = -t + 3. Let y be u(3). Suppose -h + y + 89 = r, -356 = -4*r - 5*h. Is r prime?
True
Let j be (1/(-4))/(2/(-6632)). Suppose -j = -4*l + 527. Is l a composite number?
True
Let w = -9 + 21. Suppose 1936 = 19*v - 9122. Is v/(-4)*(10 - w) a prime number?
False
Let n = 25 + -22. Suppose -m + 4 + n = 0. Let v(s) = 17*s + 8. Is v(m) a prime number?
True
Let v(u) = -277*u + 19. Let i(d) = 1384*d - 96. Let y(n) = -2*i(n) - 11*v(n). Is y(6) prime?
True
Is (-844 + 6)/((-6)/213) prime?
False
Suppose n = 3*x + 32162, -4*n + 80530 = 3*x - 48193. Is n a composite number?
True
Let p be (-4)/8 + (-1845)/(-6). Suppose 0 = 2*t + 2*w - 2528, -t + 967 + p = 3*w. Is t composite?
False
Let l(t) be the second derivative of t**7/504 + t**6/72 + t**5/20 + 2*t**4/3 - 7*t. Let b(q) be the third derivative of l(q). Is b(9) composite?
True
Suppose 2751 = -0*f + f - 5*o, 2*f - 5524 = -o. Is f a composite number?
True
Is (-4)/(-14) - (11 + (-152746)/77) composite?
False
Suppose -z + 3*i - 4 = -2*i, -5*z - 4*i + 38 = 0. Let s be (-1 + 1)/(18/z). Suppose -4*n = -s*n - 236. Is n a composite number?
False
Let h be (-176)/33*3/(-2). Is ((-2)/h)/((-13)/19708) composite?
False
Suppose 5*t - 394 = -4*p, 2*p - 79 = -2*t + 79. Let f = t - -91. Is f a composite number?
True
Let y = 20425 + -10974. Is y composite?
True
Let s(r) = -r**3 + 38*r**2 - 85*r + 63. Is s(34) composite?
True
Let k = -308 - -684. Let a = -247 + k. Is a composite?
True
Let j(p) = 1329*p - 2 - 1308*p + 0. Let z(u) = 2*u**2 - 2*u - 3. Let o be z(3). Is j(o) a prime number?
False
Is (-1666)/(-10) - (-16)/40 a composite number?
False
Let b be 147/(-9) + 10/(-15). Let d = 16 - b. Is d*3 + (-12)/(-3) a prime number?
True
Let i = -3097 - -4892. Suppose 252 = -y + i. Is y a composite number?
False
Suppose 2 + 1 = -b. Let s be (-3)/1 - -1 - b. Is s + 1*1*76 a prime number?
False
Suppose 5*h - 564 - 446 = 0. Let x be 6/(3 - 19/6). Let m = x + h. Is m a composite number?
True
Let p be (5 + -1)/((-6)/(-9)). Is (413/2)/(3/p) a composite number?
True
Suppose 0 = 3*c + 2*j - 759, -5*j + 1238 = 5*c - 32. Let m(d) = 3*d + 63. Let w be m(-21). Suppose g = -w*g + c. Is g a composite number?
False
Let c = 12 - 8. Suppose -4*d + 2*d = o - 3, -2*d - 12 = c*o. Let a(b) = 3*b**2 - 4*b - 6. Is a(o) a prime number?
True
Suppose -3*h - 2*x + 11042 = -4*x, -2*h + 7393 = 5*x. Suppose -3*a = 3*p - h, -2*a = -2*p - 5*a + 2458. Is p composite?
True
Suppose -1420 - 27708 = -8*s. Is s a composite number?
True
Let g(i) = 1775*i + 13. Is g(2) prime?
False
Let r(n) = -n**3 + n**2 - n + 3. Let a be r(0). Let y = 97 - -7. Suppose -k = 2*s - 2*k - 91, -a*s = 5*k - y. Is s a composite number?
False
Let m(o) = o**2 + 2. Let f(n) = -n**2 + 12*n - 2. Let v be f(12). Let l be m(v). Suppose -112 = -k - l. Is k prime?
False
Let r be 2/(-3) + 16/6. Suppose 3*w + 5 = r*w + 2*f, 3*f = 4*w + 5. Let i(y) = 232*y**3 + 2*y**2 - 2*y + 1. Is i(w) a prime number?
True
Let u(b) = 2*b**2 + 12*b + 7. Let t be u(-10). Suppose -t = -2*m + 139. Let n = -26 + m. Is n a composite number?
True
Suppose 2*j - 2*h - 26 = 0, -3*j + 29 = 3*h - h. Let s be (6/5)/(j/1375). Suppose -4*l + 2*v + 312 = -2*v, 2*l + 4*v = s. Is l prime?
False
Suppose 4*i = 33 - 113. Let g = i + 22. Suppose -h - 201 = -g*h. Is h a prime number?
False
Let x = -9 + 11. Suppose -16 = -x*o - 4*a, 3*o + 2*a - 3 = 5. Suppose o = 2*g + g - q - 989, -4*g + 3*q = -1312. Is g a prime number?
True
Is (-2 - 91365/(-12)) + (-115)/(-92) composite?
True
Suppose -5*m - 8 = y + 461, 5*m + 3*y = -477. Let r be (-52)/(-1)*(-15)/(-6). Let o = m + r. Is o prime?
True
Suppose -u - 1 = 0, -p + 4*u + 2658 = 3*u. Is p a prime number?
True
Let q(h) = -2*h**3 - 11*h**2 - 13*h - 1558. Let b(i) = -i**3 - 6*i**2 - 7*i - 779. Let f(r) = 11*b(r) - 6*q(r). Is f(0) composite?
True
Let j(t) = -54*t - 4*t**3 + 17*t + 19*t + 25*t + 1 + t**2. Is j(-3) a composite number?
False
Suppose 39691 = 4*x - h, 0 = 3*x - 4*h - 23058 - 6707. Is x a prime number?
True
Let p = -49 + 28. Let a = p + 21. Suppose j = -a*j + 127. Is j a composite number?
False
Let o = 80 - 309. Let s(t) = 17*t**3 + 4*t**2 + 5*t + 3. Let d be s(-3). Let c = o - d. Is c composite?
True
Let z = -18 - -24. Let y be (z/(-4))/((-39)/2548). Suppose -i + 301 = y. Is i a prime number?
False
Suppose 3 = n - 2*k + k, 0 = 5*n - 2*k - 12. Suppose n*q - 5*j = 858, q + 0*q - 431 = 2*j. Is q prime?
True
Suppose z - 2*z = 8. Let f be z/6*(-15 + 12). Suppose a = -4*o + 313, f*o - 255 = 4*a + 33. Is o a prime number?
False
Let u be (-2)/(4192/1396 + -3). Let i = u + 1953. Is i composite?
True
Suppose y + 1164 = -5*y. Let w = 277 + y. Is w a prime number?
True
Suppose -d = 3*m + 3*d + 1043, m + 357 = d. Let u = m - -544. Is u prime?
True
Suppose o + 25368 = 15*o. Suppose 5*d - 5*w = 4540, -2*d - 3*w = -w - o. Is d a prime number?
True
Let m(u) be the second derivative of 1/4*u**4 + 1/6*u**3 - 1/2*u**2 + 2*u + 0. Is m(5) prime?
True
Suppose 0 = -6*v + 1 + 29. Let k(n) = -7*n**2 - 4*n + 8. Let b(i) = 15*i**2 + 9*i - 16. Let q(w) = -3*b(w) - 7*k(w). Is q(v) prime?
True
Let u(r) = r**2 + 13*r - 3. Let y be u(-13). Let d = y - -61. Let g = d - 7. Is g a composite number?
True
Let x be (-2)/(-4)*96/12. Suppose 4*j + 4*l - 4247 = l, 0 = -j + x*l + 1057. Is j composite?
False
Let f(i) = i**3 + 4*i**2 + 3*i + 1. Let p be f(-2). Suppose -3*y + 9081 - 597 = p*b, 5*b + 8476 = 3*y. Is y prime?
False
Suppose 3*b + 2218 = 5*j, -224 - 223 = -j + 4*b. Is j a prime number?
True
Let v be ((-12)/9)/(2/57). Suppose 0 = -o - 0*o - 64. Let a = v - o. Is a composite?
True
Let r = 8314 + 7168. Is r prime?
False
Let y = 980 + -365. Suppose -u + y + 179 = 0. Is u a prime number?
False
Let l(s) = s**3 - 8*s**2 + s + 2. Let n be l(8). Let d = n - 10. Suppose -1